{"id":1336,"date":"2022-05-14T04:57:12","date_gmt":"2022-05-14T04:57:12","guid":{"rendered":"https:\/\/blog.cahokia.de\/?page_id=1336"},"modified":"2023-09-26T21:19:42","modified_gmt":"2023-09-26T21:19:42","slug":"spendenportal","status":"publish","type":"page","link":"https:\/\/blog.cahokia.de\/home\/infos-und-termine\/spendenportal\/","title":{"rendered":"Spendenportal"},"content":{"rendered":"<p><b>Spenden sind f\u00fcr uns wie f\u00fcr jeden Verein eine sehr willkommene Unterst\u00fctzung.<\/b><\/p>\n<p>Unser Ziel ist es, Kindern, Jugendlichen und Erwachsenen die sportliche Bet\u00e4tigung mit dem und um das Pferd zu erm\u00f6glichen, unabh\u00e4ngig vom sozialen Status, der gesundheitlichen Rahmenbedingungen sowie nat\u00fcrlich unabh\u00e4ngig von Herkunft und anderen m\u00f6glichen diskriminierenden Kriterien.<\/p>\n<p>Die Pferdehaltung im gro\u00dfen Querschnitt hat sich in den letzten zwanzig Jahren um ein vielfaches verteuert, w\u00e4hrend den meisten Reitsportbegeisterten weniger Mittel f\u00fcr Freizeit und Sport zur Verf\u00fcgung stehen. Daher freuen wir uns \u00fcber jede Spende, die unsere Vereinst\u00e4tigkeit erleichtert. Ihre Spende kommt direkt der Pferdehaltung zu Gute, entweder f\u00fcr konkrete Projekte oder indirekt \u00fcber das Sponsoring von Mitgliedsbeitr\u00e4gen bed\u00fcrftiger sozial schwacher Vereinsmitglieder.<\/p>\n<p>Wof\u00fcr werden Spendenmittel konkret eingesetzt?<\/p>\n<ul type=\"disc\">\n<li>F\u00fcr Pferde: Heu, Erg\u00e4nzungsfutter, medizinische Versorgung<\/li>\n<li>Pferdehaltung: Gel\u00e4ndepacht, insbesondere f\u00fcr zus\u00e4tzliche Weidefl\u00e4chen<\/li>\n<li>Aktivit\u00e4ten: Reisekostenzusch\u00fcsse f\u00fcr Veranstaltungsfahrten, Unterk\u00fcnfte<\/li>\n<li>Qualifizierung: Lehrg\u00e4nge, Reitabzeichen udglm.<\/li>\n<\/ul>\n<p>Die nachfolgenden Spendenm\u00f6glichkeiten stehen zur Verf\u00fcgung.<\/p>\n<p><a href=\"https:\/\/www.betterplace.org\/de\/projects\/51597-hoftraktor\">Hoftraktor \u2013 Cahokia e.V. \u2013\u00a0betterplace.org<\/a><\/p>\n<p><a href=\"https:\/\/betterplace.org\/p60329\">https:\/\/betterplace.org\/p60329<\/a><\/p>\n<p><a href=\"https:\/\/betterplace.org\/p51597\">https:\/\/betterplace.org\/p51597<\/a><\/p>\n<p><script src=\"chrome-extension:\/\/jdmoijfjldmngkoncidnaibjgahmkmkf\/video-accessibility.js\" async=\"\" type=\"text\/javascript\"><\/script><\/p>\n","protected":false},"excerpt":{"rendered":"<p>Spenden sind f\u00fcr uns wie f\u00fcr jeden Verein eine sehr willkommene Unterst\u00fctzung. Unser Ziel ist es, Kindern, Jugendlichen und Erwachsenen die sportliche Bet\u00e4tigung mit dem und um das Pferd zu erm\u00f6glichen, unabh\u00e4ngig vom sozialen Status, der gesundheitlichen Rahmenbedingungen sowie nat\u00fcrlich unabh\u00e4ngig von Herkunft und anderen m\u00f6glichen diskriminierenden Kriterien. Die Pferdehaltung im gro\u00dfen Querschnitt hat sich &hellip; <a href=\"https:\/\/blog.cahokia.de\/home\/infos-und-termine\/spendenportal\/\" class=\"more-link\"><span class=\"screen-reader-text\">Spendenportal<\/span> weiterlesen <span class=\"meta-nav\">&rarr;<\/span><\/a><\/p>\n","protected":false},"author":4,"featured_media":0,"parent":1292,"menu_order":5,"comment_status":"closed","ping_status":"closed","template":"page-templates\/full-width.php","meta":{"footnotes":""},"class_list":["post-1336","page","type-page","status-publish","hentry"],"_links":{"self":[{"href":"https:\/\/blog.cahokia.de\/home\/wp-json\/wp\/v2\/pages\/1336","targetHints":{"allow":["GET"]}}],"collection":[{"href":"https:\/\/blog.cahokia.de\/home\/wp-json\/wp\/v2\/pages"}],"about":[{"href":"https:\/\/blog.cahokia.de\/home\/wp-json\/wp\/v2\/types\/page"}],"author":[{"embeddable":true,"href":"https:\/\/blog.cahokia.de\/home\/wp-json\/wp\/v2\/users\/4"}],"replies":[{"embeddable":true,"href":"https:\/\/blog.cahokia.de\/home\/wp-json\/wp\/v2\/comments?post=1336"}],"version-history":[{"count":7,"href":"https:\/\/blog.cahokia.de\/home\/wp-json\/wp\/v2\/pages\/1336\/revisions"}],"predecessor-version":[{"id":1444,"href":"https:\/\/blog.cahokia.de\/home\/wp-json\/wp\/v2\/pages\/1336\/revisions\/1444"}],"up":[{"embeddable":true,"href":"https:\/\/blog.cahokia.de\/home\/wp-json\/wp\/v2\/pages\/1292"}],"wp:attachment":[{"href":"https:\/\/blog.cahokia.de\/home\/wp-json\/wp\/v2\/media?parent=1336"}],"curies":[{"name":"wp","href":"https:\/\/api.w.org\/{rel}","templated":true}]}}